43).
-5
Let r(d) = 50818*d - 304902. Calculate r(6).
6
Let s(p) = -15*p + 143. What is s(6)?
53
Let b(p) = -18*p - 113. Give b(-6).
-5
Let a(q) = -q**3 - 55*q**2 + 4*q - 2. What is a(-55)?
-222
Let w(y) = -y**3 + 2*y**2 + 8*y - 31. Determine w(0).
-31
Let p(m) = m**3 - 3*m**2 + 19*m - 142. Determine p(5).
3
Let b(f) = 14*f - 119. Determine b(9).
7
Let z(s) = 2*s**3 - 65*s**2 + 30*s + 104. Calculate z(32).
40
Let j(i) = -3434*i + 216341. Calculate j(63).
-1
Let w(l) = 4*l**2 - 29*l + 241. Determine w(12).
469
Let b(i) = 2*i**3 - 82*i**2 + 357*i - 3. What is b(5)?
-18
Let v(n) = -83*n**3 - 499*n**2 - n + 25. Determine v(-6).
-5
Let j(f) = -91*f + 3181. Calculate j(35).
-4
Let o(y) = 5*y**3 - 6*y**2 - 56*y + 2. What is o(6)?
530
Let a(c) = -132*c - 1721. Give a(-13).
-5
Let m(c) = -5*c**3 - 10*c**2 + 37*c + 130. Calculate m(-5).
320
Let g(v) = 77*v - 721. Determine g(10).
49
Let t(f) = -12*f**2 - 4*f + 6. What is t(1)?
-10
Let r(m) = 7*m**2 + 92*m + 42. What is r(-12)?
-54
Let m(x) = x**2 - 425*x - 6. Give m(0).
-6
Let m(a) = -a**3 + 2*a**2 + 7*a + 538. Determine m(0).
538
Let k(z) = -z**3 + 26*z**2 - 67*z - 43. Calculate k(23).
3
Let r(s) = 77*s + 2699. Calculate r(-36).
-73
Let m(x) = x**3 + 30*x**2 - 64*x + 29. Give m(-32).
29
Let d(a) = -79*a - 333. Determine d(0).
-333
Let k(g) = -g**2 + 190*g + 1258. Determine k(-6).
82
Let h(b) = -3*b**2 - 153*b + 645. Calculate h(-55).
-15
Let o(y) = 5*y + 7. Determine o(11).
62
Let j(h) = 16*h + 233. Give j(-33).
-295
Let n(y) = y**3 + 3*y**2 - 18*y - 5. Give n(3).
-5
Let a(f) = -49*f - 3811. Calculate a(-78).
11
Let z(o) = -o**3 + 15*o**2 + 8*o - 53. Give z(15).
67
Let k(g) = -91*g - 277. Determine k(-3).
-4
Let s(t) = 183*t**2 + 5*t - 4. Determine s(1).
184
Let u(y) = 49*y**2 + 4*y + 5. Determine u(-1).
50
Let u(b) = 2*b**3 + 4*b**2 + b - 9. What is u(-2)?
-11
Let c(n) = 139*n - 155. Calculate c(1).
-16
Let v(p) = 2*p**2 + 80*p + 253. What is v(-3)?
31
Let h(n) = n**3 - 29*n**2 - 37*n + 5. What is h(30)?
-205
Let t(l) = 12*l + 149. Give t(-16).
-43
Let v(u) = u**2 + 11*u + 82. Determine v(-8).
58
Let q(t) = -t**3 + 10*t**2 + 6*t - 42. What is q(5)?
113
Let s(z) = -108*z - 1094. What is s(-10)?
-14
Let l(v) = -3*v**2 + 66*v - 110. Determine l(20).
10
Let m(b) = b**3 + 4*b**2 - 3*b + 15. Give m(-4).
27
Let m(o) = 4*o**2 + 4*o + 26. Give m(-7).
194
Let h(v) = -3*v**2 - 7*v + 62. What is h(5)?
-48
Let d(p) = -p**3 + 11*p**2 + 77*p + 7. Give d(-5).
22
Let i(b) = -3*b**2 + 19*b + 40. What is i(12)?
-164
Let p(j) = 4*j**2 + 729*j - 14173. What is p(-200)?
27
Let s(q) = -4*q**2 - 23*q + 430. What is s(8)?
-10
Let h(p) = -279*p + 7594. Give h(27).
61
Let t(c) = 852*c**2 - 7666*c - 17. What is t(9)?
1
Let o(q) = -629*q - 9145. Determine o(-15).
290
Let o(i) = -i**3 + 4*i**2 - 63*i + 253. Calculate o(4).
1
Let d(s) = -2*s**2 - 21*s + 321. Give d(-18).
51
Let k(j) = j**3 + 6*j**2 - 96*j + 44. Give k(7).
9
Let h(d) = -84*d + 626. Give h(7).
38
Let l(x) = -13854*x - 124686. What is l(-9)?
0
Let h(s) = 2*s**3 - 102*s**2 - 99*s - 262. Calculate h(52).
-2
Let r(b) = -b**3 - 51*b**2 + 161*b - 96. Give r(-54).
-42
Let r(o) = -16*o - 772. Calculate r(-49).
12
Let h(b) = 2*b**2 + 15*b - 35. Give h(-12).
73
Let h(r) = -r**3 - 16*r**2 + 36*r + 323. What is h(-17)?
0
Let s(c) = c**3 - 4*c**2 + 2*c + 11. Determine s(3).
8
Let x(q) = 492*q + 1930. What is x(-4)?
-38
Let g(y) = -y**3 - 20*y**2 - 36*y - 624. Calculate g(-20).
96
Let k(g) = 74*g + 573. Give k(-8).
-19
Let z(s) = -s**3 + 14*s**2 + 21*s - 618. Determine z(10).
-8
Let z(u) = -60*u**2 - 6*u - 4. Determine z(-2).
-232
Let i(d) = -127*d + 2824. Calculate i(23).
-97
Let w(p) = -p**2 + 449*p - 47179. Determine w(281).
29
Let l(k) = 15*k**2 + 1091*k - 1412. What is l(-74)?
-6
Let x(d) = -362*d + 5788. Determine x(16).
-4
Let r(a) = a**2 + 35*a - 414. What is r(11)?
92
Let j(a) = -a**3 - 83*a**2 - 87*a - 394. What is j(-82)?
16
Let o(t) = 6*t**2 - 4*t + 12. Give o(3).
54
Let o(j) = 68*j - 432. Determine o(7).
44
Let l(g) = 3*g**3 - 41*g**2 - 19*g + 14. Calculate l(14).
-56
Let m(f) = -9*f - 93. Give m(4).
-129
Let r(i) = 45*i - 53. Give r(2).
37
Let q(x) = 146*x + 2254. What is q(-16)?
-82
Let o(b) = 369*b - 1093. Give o(3).
14
Let m(f) = 30*f - 1512. Calculate m(66).
468
Let z(f) = 99*f + 907. Calculate z(-8).
115
Let s(x) = -4*x**3 + 8*x**2 + 13*x + 19. Determine s(4).
-57
Let w(f) = -2*f - 151. Give w(-43).
-65
Let v(r) = 2*r**3 - 93*r**2 + 44*r. What is v(46)?
-92
Let a(v) = v**2 - 72*v - 657. Give a(-8).
-17
Let p(c) = c**3 - 67*c**2 - 70*c + 149. What is p(68)?
13
Let y(u) = -14*u - 27. Determine y(4).
-83
Let v(c) = 11*c + 196. What is v(11)?
317
Let z(d) = 158*d + 1132. Determine z(-7).
26
Let r(g) = 41*g - 391. Determine r(9).
-22
Let q(j) = -11*j - 732. Calculate q(-63).
-39
Let i(o) = 12*o + 17. Calculate i(-1).
5
Let r(h) = h**3 - 96*h**2 - 943*h - 120. Calculate r(105).
90
Let m(w) = w**3 + 10*w**2 + 14*w + 23. Determine m(-8).
39
Let t(z) = z**3 - 12*z**2 + z - 23. Determine t(10).
-213
Let t(i) = 2*i**3 + 20*i**2 + 71*i + 305. Determine t(-7).
102
Let a(z) = -113*z - 1. Determine a(-1).
112
Let u(m) = m**3 + 104*m**2 - 1135*m + 564. Give u(-114).
-6
Let l(t) = 606*t + 4845. Calculate l(-8).
-3
Let m(v) = 4*v**2 - 40*v - 461. Determine m(17).
15
Let x(a) = a**3 - 19*a**2 - 93*a + 18. Determine x(23).
-5
Let k(g) = g**2 + 21*g + 17. Determine k(-22).
39
Let d(m) = -3*m**3 - 50*m**2 - 212*m - 132. Determine d(-10).
-12
Let k(i) = 3*i**3 + 556*i**2 + 173*i - 2213. Give k(-185).
7
Let p(t) = t**2 - 335*t + 6852. Give p(22).
-34
Let m(f) = -3*f**3 + 9*f**2 + 27*f - 1. What is m(5)?
-16
Let k(h) = -5*h**2 - 94*h + 41. Give k(-19).
22
Let d(m) = -m**3 + 57*m**2 - 386*m - 50. What is d(8)?
-2
Let p(d) = d + 91. What is p(-23)?
68
Let b(i) = 373*i - 20141. Determine b(54).
1
Let z(g) = -1070*g - 1018. Calculate z(-1).
52
Let q(g) = 4*g**3 - 101*g**2 + 134*g - 73. Calculate q(24).
263
Let n(p) = 10*p**2 + 57*p - 345. Calculate n(6).
357
Let n(p) = -12*p - 443. Give n(-38).
13
Let p(m) = 33*m - 65. Give p(-7).
-296
Let o(k) = k**3 - 17*k**2 - 234*k + 5. What is o(0)?
5
Let n(q) = 55*q + 3562. What is n(-65)?
-13
Let g(n) = 2*n**2 + 15*n + 58. Determine g(-5).
33
Let d(m) = 45*m - 816. What is d(15)?
-141
Let j(y) = 3*y**3 - 44*y**2 + 49*y - 300. Determine j(14).
-6
Let k(t) = -t**2 - 45*t - 333. Determine k(-10).
17
Let l(k) = 51*k**2 + 13*k - 3. What is l(2)?
227
Let p(z) = 59*z - 600. Give p(10).
-10
Let o(r) = 4*r**3 + 3*r**2 - 4*r + 195. Determine o(0).
195
Let r(z) = -z**2 + 44*z - 168. Give r(25).
307
Let h(y) = 163*y + 102. Give h(-1).
-61
Let l(h) = 2*h**3 + 9*h**2 + 9. What is l(-5)?
-16
Let h(o) = -73*o - 2557. What is h(-35)?
-2
Let z(d) = 23*d**2 - 113*d - 17. Determine z(5).
-7
Let d(y) = y**3 + 2*y**2 - 11*y - 9. Determine d(6).
213
Let q(x) = 2*x**3 - 25*x**2 + 45*x - 8. Give q(2).
-2
Let k(b) = -b**3 - 40*b**2 + 139*b + 8156. What is k(-38)?
-14
Let s(l) = -553*l + 3348. Determine s(6).
30
Let h(d) = 910*d - 3501. Determine h(4).
139
Let g(f) = -13*f**2 - 1112*f + 1113. Calculate g(1).
-12
Let b(d) = -23*d**2 - 31*d - 36. Calculate b(-4).
-280
Let j(n) = 8*n**2 - 12*n - 9. Determine j(-5).
251
Let c(h) = h**3 - 61*h**2 - 4186*h - 160. What is c(-41)?
4
Let u(p) = -p**2 - 28*p + 282. Calculate u(-36).
-6
Let d(f) = 278*f + 555. Determine d(-2).
-1
Let j(r) = 38*r + 116. Give j(-3).
2
Let n(h) = -61*h + 360. Calculate n(6).
-6
Let m(b) = -8*b**2 - 13*b - 6. Give m(-4).
-82
Let c(q) = 19089*q - 114539. What is c(6)?
-5
Let v(t) = -67*t + 1524. Determine v(23).
-17
Let j(x) = -22*x - 417. Calculate j(-18).
-21
Let t(w) = -8*w**2 - 11*w + 16. Determine t(-3).
-23
Let f(u) = u**3 + 12*u**2 - 2*u - 52. What is f(-11)?
91
Let y(n) = n**3 - 91*n**2 + 506*n + 328. Calculate y(85).
-12
Let b(v) = -64*v - 7872. Calculate b(-123).
0
Let y(k) = -712*k + 107517. Calculate y(151).
5
Let c(w) = 32*w - 365. What is c(10)?
-45
Let s(i) = -i**3 - 16*i**2 - 57*i - 104. What is s(-12)?
4
Let s(o) = -o**2 - 46*o + 4801. Give s(50).
1
Let k(y) = -1136*y + 20. Give k(0).
20
Let f(c) = 5*c - 175. What is f(-4)?
-195
Let r(c) = -7*c**2 + 168*c + 2. Determine r(24).
2
Let w(i) = 728*i - 2914. Determine w(4).
-2
Let c(q) = -q**3 + 10*q**2 + 51*q + 11. What is c(-6)?
281
Let r(q)